-80. What is the remainder when 27 is divided by d?
12
Suppose 0 = -3*j - 10 - 8. Calculate the remainder when 2*((-105)/j + -2) is divided by 16.
15
Let w(j) = j**2 - 2. What is the remainder when 40 is divided by w(-4)?
12
Suppose -2*y - 85 = -7*y. Suppose 0*d - 4*w = 5*d - 18, 0 = -w - 3. Calculate the remainder when y is divided by d.
5
Suppose 4*s - 4*g - 261 = s, 4*g = -5*s + 435. What is the remainder when s is divided by 44?
43
Suppose -16*g + 25 = -11*g. What is the remainder when 6 is divided by g?
1
Suppose 0*x = 5*x - 105. What is the remainder when x is divided by 6?
3
Let t(v) be the first derivative of -3*v**2/2 + 4*v + 1. Suppose -4*s + 6 = -3*s. Calculate the remainder when t(-4) is divided by s.
4
Let o(d) be the first derivative of d**4/4 + 2*d**3 + d**2/2 + d + 1. Calculate the remainder when o(-4) is divided by 10.
9
Suppose 0 = -z - 2 + 4. Suppose -6*p + 4*p - 4 = 0. Calculate the remainder when z + (-5 - p)*-2 is divided by 3.
2
Suppose 2*z + 0 = 12. Calculate the remainder when (-46)/(-2) + (-1 - -1) is divided by z.
5
Let s(f) = f**2 - 2*f + 31. What is the remainder when s(0) is divided by 11?
9
Suppose 8*f - 368 = -192. Let x = -7 - -12. Let l = x + 3. What is the remainder when f is divided by l?
6
Suppose -36 = -j + 100. Calculate the remainder when j is divided by 23.
21
Suppose -5*h - 3*k + 35 = k, 0 = -2*h + k + 1. Suppose 6 = v - 4*v. Calculate the remainder when h is divided by (2 - 2) + (-4)/v.
1
Let y(p) = -27*p + 1. What is the remainder when 83 is divided by y(-1)?
27
Let c = -54 - -140. What is the remainder when c is divided by 18?
14
Suppose -2*m - 4*x - 18 = 0, -2*m + x + 1 = -6. What is the remainder when 3 is divided by m?
0
Suppose 3*f = f + 10. Suppose 2*k = 3*k - 9. Calculate the remainder when k is divided by f.
4
Let k(j) = -13*j**3. Suppose 2*r - 4*y + 4 = 18, r + 21 = -5*y. What is the remainder when 38 is divided by k(r)?
12
Suppose -5*y + 40 = 5*g, 0 = -g + 4*g - 2*y + 1. What is the remainder when 31 is divided by (9/g)/((-6)/(-22))?
9
Suppose 12*p - 321 = -69. Calculate the remainder when p is divided by 6.
3
Suppose 0 = -l - 0 + 4. Suppose l*g - 5 = 23. What is the remainder when 27 is divided by g?
6
Let l = -72 - -117. Calculate the remainder when l is divided by 23.
22
Suppose 18*u - 180 = 15*u. What is the remainder when u is divided by 21?
18
Let d = -6 - -9. Suppose -3*t = j - 9, -3*t - 4*j + 15 = -3. What is the remainder when t is divided by 3 - (0 + (d - 1))?
0
Suppose -1034 = 5*w - 59. Let m = -128 - w. Suppose m = 3*j + 16. What is the remainder when j is divided by 9?
8
Let s = 4 - 1. What is the remainder when 12 is divided by s?
0
Let m(b) = b**2 + 8*b - 6. What is the remainder when 49 is divided by m(-11)?
22
Suppose -2*g + z = -28, 5*g + 27 = 4*z + 103. Calculate the remainder when 46 is divided by g.
10
Suppose 0 = -b - 3*q, 5*b - 68 = -3*q + 5*q. Suppose -2*r - 4*x + 52 = 0, -3*x = 3*r - 0*x - 90. Calculate the remainder when r is divided by b.
10
Suppose -3*a = 3*o - 42, 58 = 3*a - 0*a - o. What is the remainder when a is divided by 5?
3
Suppose -3*n + 0*n = 2*t - 66, 45 = 2*n + t. Calculate the remainder when 69 is divided by n.
21
Let u be (-8)/(-20) + (-17)/5. What is the remainder when 5 is divided by (6 - 0)*(-1)/u?
1
Let f(j) = 5*j**2 + 2*j + 14. What is the remainder when f(-4) is divided by 23?
17
Let h(s) = -s + 12. Let k be h(10). Let n(t) = 2*t**3 - t**2 - 3*t + 2. Suppose -19 = -z + 3. Calculate the remainder when z is divided by n(k).
6
Let t(p) = -5*p - 11. Calculate the remainder when t(-9) is divided by 6.
4
Suppose n - 2*n = -15. Let z = n + -9. What is the remainder when 30 is divided by (z/(-2))/((-6)/32)?
14
What is the remainder when 5 is divided by 3 + 3/(0 + -3)?
1
Suppose 2*m - 29 = -3*a, a - 37 = -5*m - 10. Suppose -4*b = -48 - 4. Calculate the remainder when b is divided by a.
6
Let t = -6 - -10. Suppose 5*w + 5 = -5*y, 4*y + 13 = -w - 0. Calculate the remainder when t is divided by w.
1
Let r be (-8)/32 + (-82)/(-8). Suppose 3*u - 1 = -r, 0 = -4*s + 5*u + 31. Calculate the remainder when 14 is divided by s.
2
Let d = -45 - -82. Calculate the remainder when d is divided by 13.
11
Let a = -31 - -64. Calculate the remainder when 63 is divided by a.
30
Let m(c) = 5*c**2 + 5*c + 2. Let i(z) = 16*z**2 + 1. Calculate the remainder when m(-3) is divided by i(-1).
15
Suppose -z - 5*g = 1, 0*g + 4 = -2*g. What is the remainder when 16 is divided by z?
7
Let z(m) = m - 3. Let k be z(5). Suppose 3*c - 15 = -2*c. Suppose -2*p + 19 + 1 = 4*u, 21 = k*p + c*u. Calculate the remainder when p is divided by 7.
5
Let b(r) = 68*r**2 - 2*r - 3. What is the remainder when b(-1) is divided by 34?
33
Suppose -4*t + 0*t - 72 = 5*g, -4*t = -4*g + 108. Let l = -13 - t. Calculate the remainder when 29 is divided by l.
9
Let g = -137 - -194. What is the remainder when g is divided by 15?
12
Let s(m) = -m + 5. Let f be s(7). Let c be 4 + f + (2 - 0). Suppose c*o + 4*a = 2*a + 18, -a + 15 = 3*o. Calculate the remainder when o is divided by 4.
2
Suppose 0 = 2*b + 4*h - 2*h - 4, 2*b + 5*h + 5 = 0. Suppose b*m - 12 = 2*m. What is the remainder when 11 is divided by m?
3
Let p = -68 + 143. Let z(i) = -i**3 - 23*i**2 + 26. Calculate the remainder when p is divided by z(-23).
23
Suppose 2*n + 1 - 57 = 0. Calculate the remainder when 53 is divided by n.
25
Let o = -15 - -21. Let j be ((-4)/(-6))/((-2)/o). What is the remainder when 26 + (-1 - j) + -1 is divided by 9?
8
Let z(u) = 67*u**3 - 2*u + 2. Let f(w) = -w**2 + 17. Calculate the remainder when z(1) is divided by f(0).
16
Let h(j) = 3*j**2 + 3*j + 4. Suppose 4*b = 2*b + 6. Calculate the remainder when h(b) is divided by 14.
12
Let y = -8 - -9. Let p = 19 - y. What is the remainder when 17 is divided by (p/12)/((-1)/(-6))?
8
Suppose -24 = -2*n - 2*s - 0*s, -s + 3 = 0. Suppose -p + 4*p - n = 0. Let b = -7 - -12. Calculate the remainder when b is divided by p.
2
Let m = -58 - -77. Calculate the remainder when 33 is divided by m.
14
Let x = -131 - -153. Calculate the remainder when x is divided by 10.
2
Suppose 375 = 4*z + z - 4*x, -5*z = x - 350. What is the remainder when z is divided by 37?
34
Suppose 0 = -5*z + z + 192. What is the remainder when z + -3 + 3 - -1 is divided by 17?
15
Suppose 0 = -4*i - 2*p + 36, -i + 4*p + 16 = 8*p. Suppose -23 = -3*m + 4*r + 4, 0 = 5*r + 15. What is the remainder when i is divided by m?
3
Suppose 4*o + 19 = -65. Let g = o - -76. Calculate the remainder when g is divided by 19.
17
Let y(a) = 4*a + 1. Let j be y(1). Let w = 27 - j. Calculate the remainder when w is divided by 3/1*8/3.
6
Let x(j) = j**3 - 6*j**2 + 6*j - 2. Let o be x(5). Suppose 13 = -o*m + 4*m. Calculate the remainder when 38 is divided by m.
12
Let z be (-272)/12 + (-4)/(-6). Calculate the remainder when 42 is divided by 4/z + 334/22.
12
Let b(f) = f**3 - 14*f**2 + 2*f - 20. What is the remainder when b(14) is divided by 3?
2
Suppose 0 = 3*j + p - 22 + 6, -4*p = 3*j - 28. Suppose -14 = 2*b - 40. Calculate the remainder when b is divided by j.
1
Let t(g) = g - 9. Let k(u) = 5. Let r(l) = 5*k(l) + 2*t(l). Let j = 0 + 6. What is the remainder when r(j) is divided by 7?
5
Let u = 24 + -17. Let d(v) = -v**3 + 6*v**2 + 11*v - 9. Let f be d(u). Suppose 7 = -t + f. Calculate the remainder when t is divided by 7.
5
Suppose 2*m - 5 + 1 = 0. Suppose -c = -m*c - 2*q - 5, -3*q = -c. Let i(v) = -v**3 - 3*v**2 - 4*v - 1. Calculate the remainder when 21 is divided by i(c).
10
Let v be ((-18)/(-45))/(2/10). Suppose 43 = 3*d - v*u, 4*d + u = 4*u + 58. Suppose 111 = 3*t + 4*g, 0 = -g - g. Calculate the remainder when t is divided by d.
11
Let l = -11 + 13. Suppose -l*o = -4, 0*o - 52 = -2*z - 4*o. What is the remainder when 108 is divided by z?
20
Suppose 0*k + 33 = 3*k. Let t = k + 6. Suppose a - 2 = 47. Calculate the remainder when a is divided by t.
15
Suppose 2*u - 6 = -u. What is the remainder when 23 is divided by u?
1
Suppose 4*q + 2*q = 60. Calculate the remainder when 25 is divided by q.
5
Let p = -126 + 157. Calculate the remainder when (15/2)/((-2)/(-24)) is divided by p.
28
Suppose 5*r = 2*o + 84, 2*o + 20 = -2*r + 3*r. Calculate the remainder when 43 is divided by r.
11
Suppose 5*d - 252 = 418. Suppose -2*c = -5*y - 28 - 13, -5